)) a composite number?
True
Suppose 28*p - 39507 - 859489 = 0. Is p a composite number?
True
Suppose 3*i - 9666 = -3*q, i = q - 2*i - 3230. Let r = q + -813. Is r composite?
False
Let c(q) be the first derivative of 13*q + 597*q**2 - 4*q + 23 - 10*q. Is c(1) a composite number?
False
Is (-29671152)/(-784) + 5/35 + 1 a composite number?
False
Let m be (-2)/3*14739/(-34). Let g = 1746 - m. Is g composite?
True
Suppose -17*x + 13*x + 20 = 0. Suppose x*v = -3*u - u + 6487, -5*u = 5*v - 8110. Is u prime?
False
Let g(j) = 8*j**2 + 8*j - 537. Is g(22) a prime number?
True
Let c(f) = 10*f**2 - 13*f + 24. Let q(g) be the first derivative of -10*g**3/3 + 6*g**2 - 23*g + 7. Let l(p) = -3*c(p) - 4*q(p). Is l(9) prime?
False
Suppose -5*p + 1215 = -3*n + 298, 3*p - 613 = 2*n. Let v = n - -4126. Suppose 8*b = 27260 - v. Is b a prime number?
False
Is 179679/6*(-29)/((-435)/30) a prime number?
False
Let d(r) = 32*r - 259. Let b = 373 - 355. Is d(b) composite?
False
Let l(s) = -s**3 + 9*s**2 - 8*s - 21. Let z be l(19). Let q = 5938 + z. Is q composite?
True
Let f(z) = -253*z + 436. Let o be f(-19). Suppose 2*b + t = 10496, -4*b - 3*t + o = -3*b. Is b a prime number?
False
Let j(x) = -x**3 - 2*x**2 + 4*x + 5. Let t be j(0). Suppose -2*q + p + 9233 = -4*p, -t*q + 23093 = -2*p. Is q a prime number?
False
Let u be (4/3)/(1/384). Let w = -306 - -565. Let t = u - w. Is t a composite number?
True
Suppose -6*u = 420 - 1008. Suppose m - 8 = u. Let x = 575 - m. Is x a composite number?
True
Suppose -4*q + 3653 = -2899. Let v = 3061 - q. Is v prime?
True
Let c = 45834 - 18505. Is c composite?
False
Let v(h) be the third derivative of -9*h**2 - 1/6*h**3 + 1/12*h**4 + 36/5*h**6 + 0*h + 0*h**5 + 0. Is v(1) a prime number?
False
Let c = 555053 + -124876. Is c prime?
False
Let c(h) = -44*h**2 - 4*h - 5. Let r be c(2). Let n = r - -428. Is n prime?
True
Let q = 23 + -17. Let c be (2038/5)/(q/15). Suppose c = -0*p + 3*p - 2*k, 2*k - 1340 = -4*p. Is p a composite number?
False
Let w = 2811 - -2807. Let v = w + -3817. Is v composite?
False
Let a(o) = 757*o + 5445. Is a(62) prime?
True
Let h(o) = o**2 - 6. Let n be h(2). Is (4/8)/(n/4) - -790 a composite number?
True
Let i be 2/((-8)/(-6)) - (-387)/(-6). Let a be (4/(-7))/(18/i). Suppose 2*l - f = 7272, -a*l = -3*l - 5*f + 3647. Is l a prime number?
True
Suppose -3*m + 4*x + 217525 = 0, -3*m + 233*x - 237*x = -217517. Is m a composite number?
True
Suppose 3*t - u = 52, 0 = 2*t + 2*u - 5*u - 30. Suppose -1208 = 14*g - t*g. Suppose 0*n + 2*f = n - 297, n = f + g. Is n composite?
False
Suppose 2*a - 42 = 2*y, 3*y + 3*a + a = -28. Let j be 6 + (-20)/(-10)*3. Is j*((-660)/y - 4) a composite number?
True
Suppose -3*y + 9 = -5*h, -2*h + 21 = -5*y + 17. Is y/(10/(-35145)) - (2 - 6) a prime number?
False
Let y = -2850 + 3937. Is y a prime number?
True
Let l(n) = n**3 + 29*n**2 - 26*n - 35. Is l(-29) a prime number?
True
Let w(a) = -3*a + 11. Let l be w(5). Let c be (2/4)/((-2)/l). Is (c/(-2))/(3/(-762)) prime?
True
Suppose -7 = -t, 5920*o - 5916*o - 3*t = 3599527. Is o a composite number?
True
Suppose 100*v - 81*v - 21388658 = -195*v. Is v composite?
True
Suppose 6*m - 300 - 60 = 0. Let l = 153 - m. Let t = 160 - l. Is t composite?
False
Let f(h) = -h**3 - 108*h**2 - 486*h - 226. Is f(-105) a composite number?
False
Is (-2 + 3)*(-3)/((-21)/70931) a composite number?
False
Let q = 560 + -559. Let o(x) = 1195*x**3 - 2*x**2 - x + 3. Is o(q) composite?
True
Let m = 115999 + -57848. Is m a composite number?
False
Is (-35)/8225*-47 - (-1)/(10/759668) a prime number?
True
Let t(z) = -z**3 + 26*z**2 - 13*z - 26. Let k be 36/72 - ((-49)/(-2))/(-1). Is t(k) a composite number?
True
Suppose -6*p + 2*p - 284 = 4*f, -p + 4*f = 46. Let q be p/(-11) - -3*4/(-6). Suppose -13*r + q*r + 1899 = 0. Is r a prime number?
True
Suppose -24*q = 56 - 8. Is 37167/26*(q - 60/(-9)) a composite number?
True
Let b(n) = 8*n**3 - 10*n**2 - 12*n + 10. Let a be b(13). Suppose -17*d + 37*d - a = 0. Is d a composite number?
False
Is (-103 - 8203)*(-2)/((-4)/(-11)) a prime number?
False
Suppose -4*j - 4 = 0, q = -4*j + 8*j + 5. Let s(w) = 2935*w - 14. Is s(q) composite?
True
Let i = -244 + 273. Suppose 42*p = i*p + 101257. Is p composite?
False
Suppose q - 30*c + 32*c = 90539, -5*q - 3*c + 452702 = 0. Is q prime?
False
Suppose -34377 = -0*r - 7*r. Suppose 14*j + r = 17*j. Is j a prime number?
True
Let n = 24 + 12. Let l be 6/(n/24 - 0/2). Suppose l*t + b - 25840 + 2801 = 0, -b - 5766 = -t. Is t prime?
False
Let w = 415612 - 175941. Is w prime?
True
Let q = 667 + -1344. Let s be -3*3284/(-6) + 2. Let p = s + q. Is p prime?
True
Let g be (-10)/(-2)*(-2 + 36/30). Suppose -4*z + 18343 = 3759. Is z/10 - g/10 prime?
False
Suppose -286*f = -247*f - 792597. Is f prime?
True
Let j = 288859 + -78525. Is j prime?
False
Suppose 57*n - 59*n + 24 = 0. Suppose 0 = -2*i + 4*o + 16908, -3*o + 33860 = n*i - 8*i. Is i prime?
False
Let v(x) = -x**2 + 3*x + 62. Let o(y) = y**2 - 6*y + 5. Let c be o(5). Let w be v(c). Suppose m + 4*q = 203, 4*m - 4*q - 690 = w. Is m prime?
True
Is -491613*(3 + 60/(-18)) a prime number?
True
Let d be (23/3)/(7/(-21)). Let c(r) = -r**2 - 23*r + 5. Let k be c(d). Suppose -2*x - 417 + 4250 = -5*l, k*x + 5*l - 9600 = 0. Is x a prime number?
False
Let q(s) = 7*s**3 + 10*s - 61. Let h be (5/(-3))/((-65)/234). Is q(h) composite?
False
Let x = 478372 - 118149. Is x prime?
True
Let y(a) = 6*a**3 + 19*a**2 + 43*a + 23. Is y(21) composite?
False
Let h = -340 - -342. Suppose n - 5*u = -h*u + 12046, 3*u + 9 = 0. Is n a composite number?
False
Let y(m) be the first derivative of -6*m**2 - 17*m - 2. Suppose 96*p - 35 = 101*p. Is y(p) a prime number?
True
Is 1/(2/77642)*-11*306/(-198) prime?
False
Let m = 111 + -108. Let n be (-1 - 0*m/(-6)) + 3. Is (((-8)/24)/(n/7338))/(-1) composite?
False
Suppose 39906 = -12*m + 30*m. Suppose -44*o - m = -47*o. Is o a prime number?
True
Suppose 6*s - 3186256 = -14*s + 4*s. Is s prime?
False
Let z(b) = 781*b**2 + 52*b - 259. Is z(6) prime?
False
Let u(l) = 1624*l - 789. Is u(100) prime?
True
Let o be (4*1 + 14/2)*-1. Let s = 10 + o. Is ((-571)/(-5))/(4/(-5) - s) composite?
False
Suppose -5*j = -17*j - 240. Is ((-24)/j + -1)*5*48647 composite?
False
Suppose 68637 = 4*k - b, -904*b + 901*b = 5*k - 85792. Is k a composite number?
False
Is (-3)/(-4) + (16 - 19600711/(-124)) composite?
True
Let k = 166 + -290. Let z = k + 114. Is (-2 - 2048/z) + 12/60 a composite number?
True
Suppose k = -4*i - 29, 5*k = -4*i + 5*i + 23. Is (-19576)/(-28) - i/(-56) prime?
False
Let i(k) = 137*k**2 + 49*k + 577. Is i(-19) prime?
True
Let i = 9281 + -4799. Let u = i - 2533. Is u composite?
False
Suppose -7*z + 10 = -5*z, -3*z - 3301 = -4*c. Let q = c - 462. Is q prime?
True
Suppose 5*u - 2*p - 23 - 3 = 0, -20 = -2*u + 4*p. Suppose u*l = -6*l + 95270. Is l prime?
False
Let p(y) = 11518*y**2 - 27*y - 134. Is p(-5) prime?
False
Let u(g) = -g**3 - 59*g**2 - 86*g + 99. Is u(-64) a prime number?
True
Let v be 1/(-1 - (-9)/((-161604)/(-17960))). Suppose 5*f - v = 31026. Is f a prime number?
True
Let h(l) be the first derivative of -9*l**2/2 - 28*l - 19. Let w be h(13). Is (-3)/5 + (-38802)/w prime?
False
Suppose 5*a + 3*d - 16 = 0, 3*a = a - 2*d + 8. Suppose -3*i + 15 = -a*s + 4*s, 3*s + 2*i - 15 = 0. Suppose -s*h = 3*h - 8790. Is h a prime number?
False
Suppose 4*k - 2*m = 912096, -912084 = 192*k - 196*k + 5*m. Is k a prime number?
False
Let t(p) = p**3 + 10*p**2 + 5*p - 32. Let k be t(-9). Is 84/189*33498/k a prime number?
False
Let c = 39 + -24. Suppose 5*z - c = 2*z. Suppose -z*h + 2*h = -327. Is h composite?
False
Suppose 23997607 = -20*h + 199*h - 22*h. Is h a prime number?
True
Let b(j) = -9*j - 24. Let c be b(-7). Let h = -41 + c. Is (-6)/6*178/h composite?
False
Let t(z) = z**3 - 21*z**2 + 23*z - 58. Let l be t(20). Suppose 2*u - 31271 = -3*h - l*h, -u + 15648 = 5*h. Is u prime?
False
Is (16/(-4) + 3)/((-56)/1937768) composite?
False
Let b be (-13)/3*(6 - 2814/2). Suppose t + b = 14*t. Is t prime?
True
Suppose -5*i - 2464 - 1431 = 4*w, 3*i - 5*w = -2300. Let f = i - -5441. Is f composite?
True
Let f(g) be the first derivative of g**3 - 10*g**2 + 44*g + 3. Is f(-29) prime?
False
Let x = -8 + 12. Suppose -2*f = 3*b - 4*b - 9330, -b = -2. Is 0/2 + f*2/x prime?
True
S